0090329 a multiple of 66?
False
Is 30 a factor of 493654270?
False
Is 1081957800 a multiple of 35?
True
Does 264 divide 57134088?
True
Is 5872108320 a multiple of 2336?
True
Is 655296347 a multiple of 606?
False
Is 1611 a factor of 17279586?
True
Is 16 a factor of 4399827728?
True
Is 713 a factor of 107266350?
False
Does 548 divide 720562460?
True
Is 71 a factor of 976072926?
True
Is 71611785 a multiple of 21?
True
Is 36124869 a multiple of 3?
True
Is 112 a factor of 583509118?
False
Does 48 divide 80884728?
False
Does 14 divide 216499423?
False
Is 473 a factor of 528430016?
False
Is 53856355 a multiple of 35?
True
Does 26 divide 79078090?
True
Is 606446304 a multiple of 16?
True
Is 322 a factor of 266106274?
True
Does 87 divide 25689708?
True
Is 15 a factor of 36002412?
False
Is 25 a factor of 82346089?
False
Does 465 divide 33726450?
True
Is 27916354 a multiple of 1151?
True
Does 17 divide 4223111491?
True
Is 44406040 a multiple of 266?
True
Is 84 a factor of 211274673?
False
Is 2586 a factor of 40155408?
True
Is 551651319 a multiple of 489?
False
Is 177 a factor of 65848461?
False
Does 87 divide 1496489784?
True
Is 632119649 a multiple of 23?
True
Is 2260 a factor of 212684804?
False
Is 981489272 a multiple of 85?
False
Does 975 divide 41251275?
True
Is 369 a factor of 18093269?
False
Is 32768215 a multiple of 23?
True
Is 2830 a factor of 317536173?
False
Does 5080 divide 385810760?
True
Does 241 divide 111144380?
True
Is 2018762657 a multiple of 260?
False
Is 7908818 a multiple of 292?
False
Is 1989 a factor of 102663501?
False
Is 42 a factor of 233063868?
False
Does 107 divide 107559931?
True
Is 37224012 a multiple of 714?
False
Is 1216 a factor of 50579043?
False
Does 2566 divide 268906513?
False
Does 91 divide 732363996?
True
Does 10 divide 135442829?
False
Is 78686404 a multiple of 17?
True
Is 2041935776 a multiple of 262?
True
Does 4 divide 74265216?
True
Is 478 a factor of 178183582?
True
Is 285 a factor of 1110313830?
True
Is 3126693262 a multiple of 11?
True
Does 14 divide 1240988054?
False
Is 1573633120 a multiple of 646?
False
Is 241 a factor of 652062718?
False
Does 371 divide 441255157?
True
Is 10697350 a multiple of 56?
False
Does 48 divide 1225445218?
False
Is 29 a factor of 1000906?
True
Does 2616 divide 233580548?
False
Is 1389533356 a multiple of 101?
True
Is 4975 a factor of 810316115?
False
Does 1313 divide 51879212?
False
Is 316808361 a multiple of 1809?
True
Does 53 divide 189186793?
False
Is 28211656 a multiple of 71?
False
Is 61 a factor of 112992801?
True
Does 1373 divide 47714496?
True
Does 17 divide 118024676?
True
Is 98 a factor of 125161288?
True
Is 36 a factor of 7847892?
True
Is 757410637 a multiple of 21?
False
Is 2873989646 a multiple of 13?
False
Is 173 a factor of 1813634947?
True
Is 228113586 a multiple of 453?
True
Is 8 a factor of 676228825?
False
Is 578 a factor of 39147864?
False
Is 944061982 a multiple of 25?
False
Does 9 divide 816186447?
True
Is 5 a factor of 26619805?
True
Is 28525418 a multiple of 104?
False
Does 529 divide 34381297?
True
Is 326207138 a multiple of 61?
True
Does 61 divide 29714440?
False
Is 33 a factor of 2234491511?
False
Is 2 a factor of 11960066?
True
Is 2762 a factor of 381258194?
True
Is 3 a factor of 15875136?
True
Does 108 divide 243409794?
False
Is 15 a factor of 803740623?
False
Is 159473237 a multiple of 371?
True
Is 3 a factor of 144002848?
False
Is 59 a factor of 78394834?
True
Does 611 divide 13397021?
False
Is 747 a factor of 11977160?
False
Is 175 a factor of 965741285?
False
Does 99 divide 176135850?
True
Is 164 a factor of 289273040?
True
Does 9 divide 19790093?
False
Is 10 a factor of 4904298?
False
Is 1831 a factor of 195402263?
False
Does 43 divide 145461521?
False
Is 43417071 a multiple of 106?
False
Is 94140761 a multiple of 493?
False
Is 7 a factor of 919524?
False
Is 627 a factor of 5121627555?
True
Is 38 a factor of 77405012?
True
Is 29669975 a multiple of 25?
True
Does 366 divide 46887487?
False
Is 218 a factor of 241029427?
False
Is 14 a factor of 148762068?
True
Does 215 divide 79833027?
False
Does 10 divide 1328909370?
True
Is 192185330 a multiple of 3006?
False
Does 360 divide 2578680?
True
Is 2572 a factor of 1139887252?
True
Is 52858377 a multiple of 737?
True
Is 703724 a multiple of 287?
True
Does 300 divide 55837827?
False
Is 5 a factor of 792310350?
True
Is 310475635 a multiple of 5?
True
Is 55 a factor of 54187363?
False
Is 231 a factor of 117216324?
False
Is 23 a factor of 449418873?
True
Is 124399068 a multiple of 12?
True
Is 11 a factor of 225877881?
False
Does 518 divide 167676452?
False
Is 821 a factor of 28588659?
False
Does 4243 divide 88576868?
True
Is 135738690 a multiple of 1826?
False
Is 141702752 a multiple of 272?
True
Is 125732808 a multiple of 888?
True
Is 425 a factor of 122354100?
True
Is 540 a factor of 15435900?
True
Is 23113482 a multiple of 1108?
False
Does 272 divide 7687264?
True
Does 1544 divide 855252480?
True
Is 1729 a factor of 49097998?
False
Is 63537639 a multiple of 163?
False
Does 82 divide 61981340?
True
Does 159 divide 4021484?
False
Is 2730632094 a multiple of 9?
True
Is 422 a factor of 16104190?
False
Is 1159655364 a multiple of 2842?
True
Does 51 divide 2313513?
True
Is 24 a factor of 148875120?
True
Is 384028484 a multiple of 98?
True
Is 89296236 a multiple of 1503?
True
Does 29 divide 49359827?
True
Does 63 divide 4964753?
False
Is 6858613212 a multiple of 11?
True
Is 660 a factor of 20382780?
True
Is 22 a factor of 828179159?
False
Is 85113534 a multiple of 66?
True
Does 65 divide 65021589?
False
Is 15 a factor of 6546779?
False
Is 529 a factor of 12065961?
True
Is 26 a factor of 35425697?
False
Is 1591462 a multiple of 29?
True
Is 63586333 a multiple of 15?
False
Is 21368306 a multiple of 39?
False
Is 134 a factor of 5054614?
True
Does 74 divide 11837874?
False
Is 35 a factor of 49367255?
True
Is 30896070 a multiple of 146?
False
Does 397 divide 35542580?
False
Does 54 divide 54693738?
True
Does 159 divide 47347179?
True
Is 19547233 a multiple of 430?
False
Is 44205750 a multiple of 118?
True
Is 36429742 a multiple of 58?
True
Does 58 divide 932367752?
False
Is 8 a factor of 4512853?
False
Is 295302538 a multiple of 381?
False
Is 55450960 a multiple of 76?
False
Is 112401739 a multiple of 84?
False
Is 48 a factor of 650062416?
True
Is 217406552 a multiple of 15?
False
Is 12227118 a multiple of 112?
False
Does 434 divide 36351406?
True
Does 14 divide 12388757?
False
Is 471 a factor of 9597139?
False
Is 4 a factor of 3183330264?
True
Is 16370780 a multiple of 76?
True
Is 211147648 a multiple of 26?
False
Is 35 a factor of 6939415?
True
Is 9 a factor of 8211879?
True
Does 32 divide 2956079?
False
Does 1415 divide 17234902?
False
Does 746 divide 245639896?
True
Is 9 a factor of 18512699?
False
Is 57199807 a multiple of 157?
False
Does 53 divide 137070190?
True
Does 5852 divide 5420883011?
False
Does 27 divide 21692448?
True
Is 1092 a factor of 647772216?
True
Does 1366 divide 77241190?
False
Is 1556850834 a multiple of 441?
True
Is 5464 a factor of 1838804757?
False
Does 150 divide 574080383?
False
Is 406673052 a multiple of 2?
True
Is 33 a factor of 310968339?
True
Is 2872922283 a multiple of 113?
True
Does 43 divide 161127020?
True
Is 12 a factor of 8787586?
False
Is 610770356 a multiple of 14?
True
Does 42 divide 14749686?
True
Does 317 divide 31911590?
False
Does 63 divide 80397324?
True
Is 8344872 a multiple of 9?
True
Does 130 divide 66917500?
True
Is 486 a factor of 30154097?
False
Is 144229750 a multiple of 1129?
True
Is 441870832 a multiple of 52?
True
Does 4 divide 25030526?
False
Is 564324973 a multiple of 349?
True
Is 12 a factor of 2224633?
False
Is 17 a factor of 1378397507?
False
Does 80 divide 1371380400?
True
Is 458109809 a multiple of 8?
False
Does 92 divide 118916922?
False
Is 529 a factor of 199948775?
True
Is 66 a factor of 295782953?
False
Is 140964015 a multiple of 1013?
True
Is 4 a factor of 9669658?
False
Is 3 a factor of 43390329?
True
Is 13 a factor of 243716311?
False
Is 1574 a factor of 2971712?
True
Does 875 divide 752281250?
True
Is 12 a factor of 248932128?
True
Is 232 a factor of 58303062?
False
Does 3 divide 27629518?
False
Is 20692154 a multiple of 11?
False
Is 28461696